e
Suppose 3*b + 2578 = -2243. Let x = 3888 + b. Is x prime?
True
Let r be ((-1)/(-2))/((-2)/(-416)). Let c = -79 + 81. Suppose c*y - 20 = r. Is y a prime number?
False
Let l be (10/(-40))/((-1)/8). Let z(f) = -3*f**2 - f**2 + 0*f**2 - 7 + 3*f**l + 11*f. Is z(7) a prime number?
False
Let i(b) = 4*b + 36. Let y be i(-14). Let j be 1/(-1) + 116/2. Let p = j - y. Is p prime?
False
Suppose -69*q - 5*y + 70691 = -65*q, 3*y + 88336 = 5*q. Is q prime?
True
Is ((-12)/(-30))/(8/126460) prime?
True
Let v(t) = -t**3 + t**2 - 2*t - 803. Let l be v(0). Let g = -381 - l. Is g prime?
False
Let w(n) = 771*n + 58. Is w(9) a prime number?
True
Let h(j) be the first derivative of j**4/12 - 5*j**3/6 + j**2/2 + 2*j + 8. Let c(l) be the first derivative of h(l). Is c(-16) composite?
False
Let s = 24 - 16. Let k be (s/10)/((-24)/(-60)). Suppose -2*u = 6*h - 4*h - 1354, -4 = k*h. Is u prime?
False
Let s(p) = -31*p - 25. Let q be s(-16). Suppose 12*x - 10413 = q. Is x a prime number?
True
Let l be (6/(-15))/((-5)/25). Suppose -d = -l - 2. Suppose 5*a - c = d*c + 510, 3*a - 314 = -5*c. Is a a prime number?
True
Let c be -8*15*8/(-6). Suppose 260 = 3*x + 4*g - 242, -x = 5*g - c. Suppose x - 11 = 3*a. Is a prime?
True
Let d = 16405 - 6026. Is d a composite number?
True
Suppose -2*b - 2 = -2*d, b = -3*b - d + 16. Suppose 0 = b*q - 1963 - 3848. Is q a prime number?
False
Suppose k - g = 4*k - 483, 483 = 3*k + 2*g. Suppose v = -0*v + k. Is v composite?
True
Suppose 0 = 2*m + 2*k - 9098, m + 0*k - 4579 = 5*k. Suppose 4*a - 2272 = 2*d, d - 5*d + 3*a - m = 0. Is (-1)/(-3 - d/381) prime?
True
Is (-9)/(-3) - (-9128 + -5 + 9) composite?
False
Suppose -4*v + 3*t - 14708 = -9*v, -4*v = -3*t - 11761. Is v a prime number?
False
Let o be ((-2)/(-2))/((-9)/171). Let u be (9/9)/((-1)/o). Suppose -f - y + 5*y = -u, -4*f - 5*y + 76 = 0. Is f composite?
False
Let i(q) = 917*q - 20. Let w(j) = 458*j - 11. Let f(n) = -2*i(n) + 5*w(n). Is f(6) a prime number?
False
Suppose -2605 = 6*u - 9*u + 2*k, -u - 5*k + 874 = 0. Is u a composite number?
True
Is 120/144 + 1 + 132086/12 composite?
True
Let p(d) = -48*d - 6. Let q be p(-5). Let o = q + -11. Is o composite?
False
Suppose -2*z = -3*k + 207433, 10*z - 13*z = -2*k + 138292. Is k a composite number?
False
Let i(q) be the second derivative of -q**5/20 + 11*q**4/12 - q**3/2 - 2*q**2 - 112*q. Suppose -2*t - 2*o = -18, -2*t = o + 4*o - 30. Is i(t) a prime number?
True
Suppose c + 881 - 3488 = 0. Let r = 3866 - c. Is r composite?
False
Let t(i) = -2 - 2*i + 2 - 4 + 4*i. Let f be t(10). Suppose -2*u + 298 = f. Is u a composite number?
True
Let f be -6 - (-3 + 1) - -2. Is 955 + (4 - 2) + f a prime number?
False
Let l(f) be the third derivative of f**6/120 - f**5/12 - 7*f**4/24 - 3*f**3/2 + 3*f**2. Is l(8) a prime number?
True
Suppose -p - 1449 = -3*n - 5*p, 4*p = -n + 491. Is n prime?
True
Let q(k) = 5*k**2 + 11*k + 13. Let g(v) = -v - 3. Let d be g(-6). Let r be (3 - (3 + d))*-3. Is q(r) a composite number?
True
Suppose -d + 2*p + 16208 = 3*d, 0 = 3*d - 4*p - 12156. Suppose 3*w + d = 260. Is w/(-24)*6/4 composite?
False
Suppose 0 = 4*j - 2*k - 15912, 3*j - 3*k - 4380 - 7551 = 0. Is j a prime number?
False
Let g = -32 + 32. Suppose 13 = -4*z - 7, g = 4*j + 5*z + 5. Suppose -c = -5*c - 5*p + 233, 0 = j*p + 15. Is c a composite number?
True
Let p = -4166 - -9367. Is p a composite number?
True
Let w(q) = -4 + 5 - 5 + q + 2. Let y be w(2). Suppose y = -5*k - 4*j + 12 + 38, 5*k - 5 = 5*j. Is k a prime number?
False
Let p = 496 + 35. Let d = p + -264. Is d composite?
True
Let l = -181 + 187. Let p(d) = d**3 + d**2 - d + 2. Let r be p(0). Is 1760 - l/4*r a composite number?
True
Let d(v) = -114*v + 3. Let g be d(1). Is (g/6)/(4/(-232)) composite?
True
Let n = 1259 + 18456. Is n prime?
False
Let h(m) = 2*m**2 - 2*m + 3. Let b be 4*6*1/(-8). Let d = b + 8. Is h(d) a prime number?
True
Is 1131*18830/300 + 2/(-20) composite?
True
Let b be (0 - 1)/((-6)/78). Suppose -b*z + 6905 = -8*z. Suppose -14*f = -15*f + z. Is f a prime number?
True
Suppose 0 = -i + t + 3256, -4390 - 2107 = -2*i - t. Is i a composite number?
False
Let d(g) = 11*g + 4. Let p be d(8). Let c(b) = b**2 + 9*b - 8. Let f be c(-10). Suppose -f*t + 0*t - 184 = -4*o, 0 = -2*o - t + p. Is o prime?
False
Let n = 3451 - 1710. Is n composite?
False
Let g(p) = p**2 + 6*p - 3. Let r be 21/(-2)*12/18. Let z be g(r). Suppose -157 = -z*y + 415. Is y prime?
False
Let g be 10620/24 + 1/2. Suppose z - 4*z - 446 = -k, -k + g = -2*z. Is k prime?
False
Let s(g) be the second derivative of 5/2*g**3 + 0 + 1/4*g**4 + 13/2*g**2 - 7*g. Is s(11) a composite number?
False
Let g be (9/(-9))/((-1)/2). Suppose 2*w - 261 = 4*v + 461, 2*v = -g*w + 704. Is w a composite number?
True
Suppose 0 = 3*p + 2*l - 129937, 383*p - 384*p + l = -43314. Is p composite?
False
Suppose 0 = -4*l + 3*l - 3*b + 39197, 39229 = l - 5*b. Is l a prime number?
True
Let i(n) = -5 + 5*n**2 + 17*n + 3 + 7. Is i(-9) a prime number?
True
Suppose -7580 - 16188 = -8*w. Is w composite?
False
Suppose -3*i - 3516 = -2*f, -416 = 2*i - 420. Is f composite?
True
Let s be (-25956)/10 + (-8)/(-5) + -2. Is 22/(-99) + s/(-18) + 2 a prime number?
False
Let n be 0 + (-4 - 2)/(-2). Let o(f) = -7 - 8*f**3 + 3*f**n + 2*f + 1 - 4*f**2. Is o(-5) prime?
True
Let u = 32672 - 19281. Is u prime?
False
Suppose 6*s + 8*s = 16814. Is s a prime number?
True
Let c(b) = 14634*b**2 + 3*b - 1. Let t be c(1). Suppose -2*r = 4*q - 14636, 4*r = -4*q + r + t. Is q a composite number?
False
Let v(c) = 687*c**2 + 4*c - 15. Let b be v(7). Suppose 4*t = -0*t - 3*q + b, 4*t = -5*q + 33676. Is t prime?
True
Let h(t) = -2 - 13 - t**2 - 10 + 6*t + 2*t**2. Is h(12) a prime number?
True
Let g = 8433 - 5714. Is g a composite number?
False
Let m = 4306 - 2225. Is m prime?
True
Let x(u) = -u**2 - 3*u + 19. Let l(v) = 2*v**2 + 7*v - 38. Let s(q) = -2*l(q) - 5*x(q). Is s(-10) a composite number?
False
Let w(i) = 180*i + 9. Let v be w(-8). Let r = v - -2680. Is r prime?
True
Let a = 270 - 452. Let x = -105 - a. Is x a prime number?
False
Is (0 + (-4)/6)*(-9078)/4 composite?
True
Suppose -7*q = -3*q. Suppose -4*r - 4*y + 4 = q, 0 = 3*r + 4*y - 7*y - 21. Let m(x) = 10*x + 3. Is m(r) a composite number?
False
Suppose 0 = -w + 3*w. Suppose 7 = -2*p + 4*p - 3*h, w = -5*p + 4*h + 7. Is -4*(159/6)/p composite?
True
Let z be (-2)/((28/6)/(-7)). Suppose -o + a + 136 = o, -5*o = a - 354. Suppose 3*n - 35 = n + z*c, 4*c + o = 5*n. Is n composite?
True
Let j = 29 - 19. Is 8/j - (3273/(-15) - 4) prime?
True
Suppose 7*j = 17 + 18. Suppose 2*o - 129 - j = 0. Is o a composite number?
False
Let c(u) = -4494*u - 67. Is c(-8) prime?
False
Let u = 12 - 639. Let l = u - -920. Is l composite?
False
Let v be (-6)/18 - 2/(-6). Suppose v = -4*n - 3*t - 9 - 9, 5*n + 5 = 5*t. Is (-118)/(-1) + n*1 composite?
True
Let o(s) = 1636*s**2 + 1. Let p = -13 - -12. Is o(p) a prime number?
True
Suppose 3*p - 23 = 2*w, w - 25 = -4*p + 2. Let k be (-3)/2*(p + -5). Let i(m) = -m**3 + 3*m**2 + 7*m + 2. Is i(k) a prime number?
False
Let m = 110053 + -60630. Is m composite?
True
Suppose -3*i + 2*l = 0, -4*i = l + l. Let o be 4/(-4) - (-23 + i). Let f = 281 - o. Is f composite?
True
Is ((-78815)/33)/((-4)/12*1) composite?
True
Suppose -8*j = -6*j - 24418. Suppose j = 6*t + 2171. Is t a prime number?
False
Let h be (12/(-12))/(1/(-25)). Suppose 4*j = -3*o + 31, -2*o = -3*o - 5*j + h. Suppose 4*x - 1060 = -i - 3*i, -o*x + 273 = i. Is i composite?
False
Let q(h) = -h**2 - 17*h. Let r be q(-15). Suppose -2*a = -2*p - 4, -5*p - r = 3*a - 4. Is ((-10)/p + -2)*92 a prime number?
False
Is (3 + (-21238)/(-7))/(4/20) a prime number?
False
Let y(t) = 265*t - 8. Is y(7) composite?
False
Let h be (9 - -1)/((-9)/(-180)). Let y = 493 - h. Is y prime?
True
Let j = 22220 - 13639. Is j a composite number?
False
Suppose 2*t - 2 = -v, v + 4*v + 5*t = -15. Is (-30801)/(-15) - v/100*-5 prime?
True
Suppose 3*g = 4*d - 6431, -4825 = -3*d - 7*g + 11*g. Suppose -4*h = 4*o - d - 169, 0 = 5*o + h - 2228. Is o a prime number?
False
Let a(q) = -4*q + 1 + 3*q - 9. Let i be a(-11). Is (8 - -1)*7/i prime?
False
Let c(k) = -k**2 - 20*k + 11. Is c(-20) prime?
True
Let v(x) = 2*x**2 + x + 1. Let m be v(-1). Suppose 0 = -5*c + 4*c - m. Is (0 - c)/(6/2877) a prime number?
False
Is (